{"id":63,"date":"2012-05-27T16:48:27","date_gmt":"2012-05-27T16:48:27","guid":{"rendered":"http:\/\/www.lamarketeam.com\/blog\/?page_id=63"},"modified":"2014-04-11T08:59:31","modified_gmt":"2014-04-11T06:59:31","slug":"contact","status":"publish","type":"page","link":"https:\/\/www.lamarketeam.com\/blog\/contact\/","title":{"rendered":"Contactez-nous !"},"content":{"rendered":"","protected":false},"excerpt":{"rendered":"","protected":false},"author":4,"featured_media":0,"parent":0,"menu_order":3,"comment_status":"closed","ping_status":"closed","template":"template-fullwidth.php","meta":{"rop_custom_images_group":[],"rop_custom_messages_group":[],"rop_publish_now":"initial","rop_publish_now_accounts":[],"rop_publish_now_history":[],"rop_publish_now_status":"pending","footnotes":"","_links_to":"","_links_to_target":""},"class_list":["post-63","page","type-page","status-publish","hentry"],"yoast_head":"<!-- This site is optimized with the Yoast SEO plugin v25.8 - https:\/\/yoast.com\/wordpress\/plugins\/seo\/ -->\n<title>Contactez-nous ! - Blog de La MarkeTeam<\/title>\n<meta name=\"description\" content=\"&nbsp; Faites nous part de vos questions et remarques ou part de votre projet et ambitions... Nous y r\u00e9pondrons tr\u00e8s rapidement ! A propos La MarkeTeam\" \/>\n<meta name=\"robots\" content=\"index, follow, max-snippet:-1, max-image-preview:large, max-video-preview:-1\" \/>\n<link rel=\"canonical\" href=\"https:\/\/www.lamarketeam.com\/blog\/contact\/\" \/>\n<meta name=\"twitter:label1\" content=\"Dur\u00e9e de lecture estim\u00e9e\" \/>\n\t<meta name=\"twitter:data1\" content=\"1 minute\" \/>\n<script type=\"application\/ld+json\" class=\"yoast-schema-graph\">{\"@context\":\"https:\/\/schema.org\",\"@graph\":[{\"@type\":\"WebPage\",\"@id\":\"https:\/\/www.lamarketeam.com\/blog\/contact\/\",\"url\":\"https:\/\/www.lamarketeam.com\/blog\/contact\/\",\"name\":\"Contactez-nous ! - Blog de La MarkeTeam\",\"isPartOf\":{\"@id\":\"https:\/\/www.lamarketeam.com\/blog\/#website\"},\"primaryImageOfPage\":{\"@id\":\"https:\/\/www.lamarketeam.com\/blog\/contact\/#primaryimage\"},\"image\":{\"@id\":\"https:\/\/www.lamarketeam.com\/blog\/contact\/#primaryimage\"},\"thumbnailUrl\":\"https:\/\/www.lamarketeam.com\/images\/equipe.jpg\",\"datePublished\":\"2012-05-27T16:48:27+00:00\",\"dateModified\":\"2014-04-11T06:59:31+00:00\",\"description\":\"&nbsp; Faites nous part de vos questions et remarques ou part de votre projet et ambitions... Nous y r\u00e9pondrons tr\u00e8s rapidement ! A propos La MarkeTeam\",\"breadcrumb\":{\"@id\":\"https:\/\/www.lamarketeam.com\/blog\/contact\/#breadcrumb\"},\"inLanguage\":\"fr-FR\",\"potentialAction\":[{\"@type\":\"ReadAction\",\"target\":[\"https:\/\/www.lamarketeam.com\/blog\/contact\/\"]}]},{\"@type\":\"ImageObject\",\"inLanguage\":\"fr-FR\",\"@id\":\"https:\/\/www.lamarketeam.com\/blog\/contact\/#primaryimage\",\"url\":\"https:\/\/www.lamarketeam.com\/images\/equipe.jpg\",\"contentUrl\":\"https:\/\/www.lamarketeam.com\/images\/equipe.jpg\"},{\"@type\":\"BreadcrumbList\",\"@id\":\"https:\/\/www.lamarketeam.com\/blog\/contact\/#breadcrumb\",\"itemListElement\":[{\"@type\":\"ListItem\",\"position\":1,\"name\":\"La MarkeTeam\",\"item\":\"https:\/\/www.lamarketeam.com\/blog\/\"},{\"@type\":\"ListItem\",\"position\":2,\"name\":\"Contactez-nous !\"}]},{\"@type\":\"WebSite\",\"@id\":\"https:\/\/www.lamarketeam.com\/blog\/#website\",\"url\":\"https:\/\/www.lamarketeam.com\/blog\/\",\"name\":\"Blog de La MarkeTeam\",\"description\":\"Une \u00e9quipe de passionn\u00e9s pour booster vos r\u00e9sultats sur internet.\",\"potentialAction\":[{\"@type\":\"SearchAction\",\"target\":{\"@type\":\"EntryPoint\",\"urlTemplate\":\"https:\/\/www.lamarketeam.com\/blog\/?s={search_term_string}\"},\"query-input\":{\"@type\":\"PropertyValueSpecification\",\"valueRequired\":true,\"valueName\":\"search_term_string\"}}],\"inLanguage\":\"fr-FR\"}]}<\/script>\n<!-- \/ Yoast SEO plugin. -->","yoast_head_json":{"title":"Contactez-nous ! - Blog de La MarkeTeam","description":"&nbsp; Faites nous part de vos questions et remarques ou part de votre projet et ambitions... Nous y r\u00e9pondrons tr\u00e8s rapidement ! A propos La MarkeTeam","robots":{"index":"index","follow":"follow","max-snippet":"max-snippet:-1","max-image-preview":"max-image-preview:large","max-video-preview":"max-video-preview:-1"},"canonical":"https:\/\/www.lamarketeam.com\/blog\/contact\/","twitter_misc":{"Dur\u00e9e de lecture estim\u00e9e":"1 minute"},"schema":{"@context":"https:\/\/schema.org","@graph":[{"@type":"WebPage","@id":"https:\/\/www.lamarketeam.com\/blog\/contact\/","url":"https:\/\/www.lamarketeam.com\/blog\/contact\/","name":"Contactez-nous ! - Blog de La MarkeTeam","isPartOf":{"@id":"https:\/\/www.lamarketeam.com\/blog\/#website"},"primaryImageOfPage":{"@id":"https:\/\/www.lamarketeam.com\/blog\/contact\/#primaryimage"},"image":{"@id":"https:\/\/www.lamarketeam.com\/blog\/contact\/#primaryimage"},"thumbnailUrl":"https:\/\/www.lamarketeam.com\/images\/equipe.jpg","datePublished":"2012-05-27T16:48:27+00:00","dateModified":"2014-04-11T06:59:31+00:00","description":"&nbsp; Faites nous part de vos questions et remarques ou part de votre projet et ambitions... Nous y r\u00e9pondrons tr\u00e8s rapidement ! A propos La MarkeTeam","breadcrumb":{"@id":"https:\/\/www.lamarketeam.com\/blog\/contact\/#breadcrumb"},"inLanguage":"fr-FR","potentialAction":[{"@type":"ReadAction","target":["https:\/\/www.lamarketeam.com\/blog\/contact\/"]}]},{"@type":"ImageObject","inLanguage":"fr-FR","@id":"https:\/\/www.lamarketeam.com\/blog\/contact\/#primaryimage","url":"https:\/\/www.lamarketeam.com\/images\/equipe.jpg","contentUrl":"https:\/\/www.lamarketeam.com\/images\/equipe.jpg"},{"@type":"BreadcrumbList","@id":"https:\/\/www.lamarketeam.com\/blog\/contact\/#breadcrumb","itemListElement":[{"@type":"ListItem","position":1,"name":"La MarkeTeam","item":"https:\/\/www.lamarketeam.com\/blog\/"},{"@type":"ListItem","position":2,"name":"Contactez-nous !"}]},{"@type":"WebSite","@id":"https:\/\/www.lamarketeam.com\/blog\/#website","url":"https:\/\/www.lamarketeam.com\/blog\/","name":"Blog de La MarkeTeam","description":"Une \u00e9quipe de passionn\u00e9s pour booster vos r\u00e9sultats sur internet.","potentialAction":[{"@type":"SearchAction","target":{"@type":"EntryPoint","urlTemplate":"https:\/\/www.lamarketeam.com\/blog\/?s={search_term_string}"},"query-input":{"@type":"PropertyValueSpecification","valueRequired":true,"valueName":"search_term_string"}}],"inLanguage":"fr-FR"}]}},"_links":{"self":[{"href":"https:\/\/www.lamarketeam.com\/blog\/wp-json\/wp\/v2\/pages\/63","targetHints":{"allow":["GET"]}}],"collection":[{"href":"https:\/\/www.lamarketeam.com\/blog\/wp-json\/wp\/v2\/pages"}],"about":[{"href":"https:\/\/www.lamarketeam.com\/blog\/wp-json\/wp\/v2\/types\/page"}],"author":[{"embeddable":true,"href":"https:\/\/www.lamarketeam.com\/blog\/wp-json\/wp\/v2\/users\/4"}],"replies":[{"embeddable":true,"href":"https:\/\/www.lamarketeam.com\/blog\/wp-json\/wp\/v2\/comments?post=63"}],"version-history":[{"count":43,"href":"https:\/\/www.lamarketeam.com\/blog\/wp-json\/wp\/v2\/pages\/63\/revisions"}],"predecessor-version":[{"id":1840,"href":"https:\/\/www.lamarketeam.com\/blog\/wp-json\/wp\/v2\/pages\/63\/revisions\/1840"}],"wp:attachment":[{"href":"https:\/\/www.lamarketeam.com\/blog\/wp-json\/wp\/v2\/media?parent=63"}],"curies":[{"name":"wp","href":"https:\/\/api.w.org\/{rel}","templated":true}]}}